{"id":759,"date":"2021-02-18T16:02:59","date_gmt":"2021-02-18T15:02:59","guid":{"rendered":"http:\/\/duolifemarseille.best\/?page_id=759"},"modified":"2022-01-25T10:39:03","modified_gmt":"2022-01-25T09:39:03","slug":"shape-code-silhouette-perte-de-poids","status":"publish","type":"page","link":"https:\/\/duolifemarseille.best\/index.php\/shape-code-silhouette-perte-de-poids\/","title":{"rendered":"Shape code :                                                                                                               &#8220;silhouette &#038; perte de poids&#8221;"},"content":{"rendered":"\n<p><strong>Ceci n&#8217;est pas le site officiel de DuoLife.                                                                                                                   DuoLife n&#8217;est pas responsable du contenu publi\u00e9 sur ce site.<\/strong> <\/p>\n\n\n\n<figure class=\"wp-block-image\"><img loading=\"lazy\" width=\"300\" height=\"300\" src=\"http:\/\/duolifemarseille.best\/wp-content\/uploads\/2021\/02\/Shape-code-4-300x300.png\" alt=\"\" class=\"wp-image-764\" srcset=\"https:\/\/duolifemarseille.best\/wp-content\/uploads\/2021\/02\/Shape-code-4-300x300.png 300w, https:\/\/duolifemarseille.best\/wp-content\/uploads\/2021\/02\/Shape-code-4-150x150.png 150w, https:\/\/duolifemarseille.best\/wp-content\/uploads\/2021\/02\/Shape-code-4-768x768.png 768w, https:\/\/duolifemarseille.best\/wp-content\/uploads\/2021\/02\/Shape-code-4-100x100.png 100w, https:\/\/duolifemarseille.best\/wp-content\/uploads\/2021\/02\/Shape-code-4-250x250.png 250w, https:\/\/duolifemarseille.best\/wp-content\/uploads\/2021\/02\/Shape-code-4-350x350.png 350w, https:\/\/duolifemarseille.best\/wp-content\/uploads\/2021\/02\/Shape-code-4.png 800w\" sizes=\"(max-width: 300px) 100vw, 300px\" \/><figcaption>Shape code<\/figcaption><\/figure>\n\n\n\n<p> Probl\u00e8me du poids excessif ? limitations ? effet yoyo ? combien de  fois avez-vous \u00e9chou\u00e9 et fini en surpoids et avec d&#8217;autres cons\u00e9quences  ind\u00e9sirables ?  Slim Shake est &#8220;la&#8221; bonne proposition pour tous ceux qui s&#8217;efforcent de  maintenir une belle silhouette mince et cherchent un soutien pour une alimentation raisonnable, propice \u00e0 la r\u00e9duction du poids et \u00e0 une  bonne condition g\u00e9n\u00e9rale de l&#8217;organisme.       <\/p>\n\n\n\n<p> SHAPE CODE &#8211; Slim Shake soutient :                           <\/p>\n\n\n\n<figure class=\"wp-block-image\"><img src=\"https:\/\/myduolife.com\/\/base-files\/99456-73b5e5446c4237f2856026caf10e66127d7464cd.png\" alt=\"\"\/><\/figure>\n\n\n\n<p><strong>               le contr\u00f4le du poids,<\/strong>                          <\/p>\n\n\n\n<figure class=\"wp-block-image\"><img src=\"https:\/\/myduolife.com\/\/base-files\/99457-de767635e35a18e247da87e6da51ee2ba58ac0dc.png\" alt=\"\"\/><\/figure>\n\n\n\n<p>              <strong>   la r\u00e9duction du tissu adipeux,     <\/strong>                     <\/p>\n\n\n\n<figure class=\"wp-block-image\"><img src=\"https:\/\/myduolife.com\/\/base-files\/99458-9a0c8864de63db6f3bded49db4df01c64091f0ff.png\" alt=\"\"\/><\/figure>\n\n\n\n<p>              <strong>   le travail du syst\u00e8me digestif et les fonctions de la microflore intestinale,    <\/strong>                      <\/p>\n\n\n\n<figure class=\"wp-block-image\"><img src=\"https:\/\/myduolife.com\/\/base-files\/99459-f8d705b2d214dc879771fed1b975013f4c927ad9.png\" alt=\"\"\/><\/figure>\n\n\n\n<p>                 <strong>le m\u00e9tabolisme des lipides et des glucides de l&#8217;organisme,               <\/strong>           <\/p>\n\n\n\n<figure class=\"wp-block-image\"><img src=\"https:\/\/myduolife.com\/\/base-files\/99460-e8abec1da301ec09718d879a4680ac1bec37c003.png\" alt=\"\"\/><\/figure>\n\n\n\n<p>             <strong>    les processus m\u00e9taboliques,  <\/strong>                                          <\/p>\n\n\n\n<figure class=\"wp-block-image\"><img src=\"https:\/\/myduolife.com\/\/base-files\/99461-64a382bc1a4de5c4e9f6f2399f8e5fe1422eb6cb.png\" alt=\"\"\/><\/figure>\n\n\n\n<p>                 <strong>le processus de perte de poids, ce qui contribue \u00e9galement \u00e0 r\u00e9duire l&#8217;app\u00e9tit,    <\/strong>                      <\/p>\n\n\n\n<figure class=\"wp-block-image\"><img src=\"https:\/\/myduolife.com\/\/base-files\/99463-86b42d7c0f9bc66bc6afbefeeaf10280192e203f.png\" alt=\"\"\/><\/figure>\n\n\n\n<p>                 <strong>les processus digestifs,    <\/strong>                      <\/p>\n\n\n\n<figure class=\"wp-block-image\"><img src=\"https:\/\/myduolife.com\/\/base-files\/99464-8bcc94e6ccb90d670ab173f078242a6bb186d8a5.png\" alt=\"\"\/><\/figure>\n\n\n\n<p>                 <strong>le maintien de niveaux normaux de glucose et de cholest\u00e9rol dans le sang,    <\/strong>                      <\/p>\n\n\n\n<figure class=\"wp-block-image\"><img src=\"https:\/\/myduolife.com\/\/base-files\/99465-9a66aee147e7c889e70760e2e41bc069fe7247aa.png\" alt=\"\"\/><\/figure>\n\n\n\n<p>                 <strong>la gestion de l&#8217;eau du corps,     <\/strong>                     <\/p>\n\n\n\n<figure class=\"wp-block-image\"><img src=\"https:\/\/myduolife.com\/\/base-files\/99466-c7e962f765ad56a962d9b0565617088b220cf295.png\" alt=\"\"\/><\/figure>\n\n\n\n<p>                <strong> les processus de nettoyage de l&#8217;organisme. <\/strong>                           <\/p>\n\n\n\n<p><strong>Caract\u00e9ristiques<\/strong> ;<\/p>\n\n\n\n<p><strong>Formule bifonctionnelle :<\/strong> compl\u00e9ment ou remplacement partiel de l&#8217;alimentation quotidienne et action favorisant la perte de poids excessif.  <\/p>\n\n\n\n<p><strong>Ingr\u00e9dient d&#8217;essais cliniques &#8211; SLENDACOR\u00ae<\/strong> avec des effets favorisant la perte de poids cliniquement prouv\u00e9s <\/p>\n\n\n\n<p><strong>94% de la composition est NATURELLE,<\/strong>  le cocktail a \u00e9t\u00e9 enrichi uniquement avec un m\u00e9lange vitamines-min\u00e9raux,  TOUS LES AUTRES ingr\u00e9dients (y compris les \u00e9dulcorants et les ar\u00f4mes)  sont NATURELS. <\/p>\n\n\n\n<p> Il contient <strong>de pr\u00e9cieux acides gras \u00e0 cha\u00eene moyenne (MCT)<\/strong>  provenant de l&#8217;huile de noix de coco et deux prot\u00e9ines compl\u00e8tes  diff\u00e9rentes provenant du pois chiche et de la levure avec une teneur  \u00e9lev\u00e9e en <strong>acides amin\u00e9s BCAA<\/strong> (valine, isoleucine et leucine). <\/p>\n\n\n\n<p> Il contient jusqu&#8217;\u00e0 <strong>trois types de fibres alimentaires.<\/strong><\/p>\n\n\n\n<p> Il convient aux <strong>v\u00e9g\u00e9taliens et aux v\u00e9g\u00e9tariens<\/strong> (sans ingr\u00e9dients d&#8217;origine animale) ; <strong>VITAMINE D3 contenue dans le pr\u00e9m\u00e9lange de vitamines est \u00e9galement d&#8217;origine v\u00e9g\u00e9tale et est VEGAN.<\/strong><\/p>\n\n\n\n<p> Le produit <strong>NE CONTIENT PAS de gluten, de lactose, de soja ou de sucre ajout\u00e9.<\/strong><\/p>\n\n\n\n<p> Le produit <strong>NE CONTIENT PAS de conservateurs, de  colorants artificiels, d&#8217;\u00e9dulcorants artificiels, d&#8217;ar\u00f4mes artificiels,  de charges artificielles et est EXEMPT D&#8217;OGM<\/strong> \u2013 les mati\u00e8res premi\u00e8res utilis\u00e9es pour d\u00e9velopper le compl\u00e9ment NE SONT PAS D\u00c9RIV\u00c9ES de plantes g\u00e9n\u00e9tiquement modifi\u00e9es. <\/p>\n\n\n\n<p><strong>La richesse des GO\u00dbTS \u2013 chaque jour, le cocktail peut avoir un go\u00fbt diff\u00e9rent !<\/strong>  Vous pouvez ajouter un ar\u00f4me naturel \u00e0 un cocktail classique  cr\u00e8me-vanille juste avant sa consommation et exp\u00e9rimenter ! Choisissez  parmi des ar\u00f4mes naturels : menthe, caramel sal\u00e9, fraise, myrtille et  caf\u00e9. Vous pouvez \u00e9galement ajouter <strong>des l\u00e9gumes ou des fruits frais<\/strong> \u00e0 un cocktail et le m\u00e9langer avant de le consommer. <\/p>\n\n\n\n<p><strong>SHAPE CODE\u00ae Slim Shake<\/strong> peut \u00eatre pr\u00e9par\u00e9 \u00e0 base de lait ou de boisson v\u00e9g\u00e9tale. <\/p>\n\n\n\n<p><em>Ingr\u00e9dients<\/em> : <strong>SLENDACOR<\/strong> est une  formule synergique bas\u00e9e sur trois  extraits de plantes : du rhizome de  curcuma (Curcuma longa), des  feuilles de curry (Murraya coenigii) et  des feuilles de moringa oleifera  (Moringa oleifera). Ces plantes sont  connues depuis des centaines  d&#8217;ann\u00e9es pour leurs propri\u00e9t\u00e9s favorables \u00e0  la sant\u00e9. SLENDACOR\u00ae a un effet cliniquement prouv\u00e9 d&#8217;aide \u00e0 la perte  de poids. La formule brevet\u00e9e a \u00e9t\u00e9 test\u00e9e  cliniquement selon des  essais randomis\u00e9s, en  double aveugle et contr\u00f4l\u00e9s par placebo. <\/p>\n\n\n\n<p class=\"has-text-color has-vivid-cyan-blue-color\"><strong>C<\/strong><em><strong>ommander : <\/strong><a href=\"http:\/\/duolifemarseille.best\/index.php\/boutique\/\"><strong>BOUTIQUE<\/strong><\/a><\/em><\/p>\n\n\n\n<figure class=\"wp-block-image\"><img loading=\"lazy\" width=\"1024\" height=\"158\" src=\"http:\/\/duolifemarseille.best\/wp-content\/uploads\/2021\/02\/Banner-inter-article-1024x158.jpg\" alt=\"\" class=\"wp-image-765\" srcset=\"https:\/\/duolifemarseille.best\/wp-content\/uploads\/2021\/02\/Banner-inter-article-1024x158.jpg 1024w, https:\/\/duolifemarseille.best\/wp-content\/uploads\/2021\/02\/Banner-inter-article-300x46.jpg 300w, https:\/\/duolifemarseille.best\/wp-content\/uploads\/2021\/02\/Banner-inter-article-768x118.jpg 768w, https:\/\/duolifemarseille.best\/wp-content\/uploads\/2021\/02\/Banner-inter-article-350x54.jpg 350w, https:\/\/duolifemarseille.best\/wp-content\/uploads\/2021\/02\/Banner-inter-article.jpg 1920w\" sizes=\"(max-width: 767px) 89vw, (max-width: 1000px) 54vw, (max-width: 1071px) 543px, 580px\" \/><\/figure>\n\n\n\n<p> <\/p>\n\n\n\n<p>                      <\/p>\n","protected":false},"excerpt":{"rendered":"<p>Ceci n&#8217;est pas le site officiel de DuoLife. DuoLife n&#8217;est pas responsable du contenu publi\u00e9 sur ce site. Probl\u00e8me du poids excessif ? limitations ? effet yoyo ? combien de fois avez-vous \u00e9chou\u00e9 et fini en surpoids et avec d&#8217;autres cons\u00e9quences ind\u00e9sirables ? Slim Shake est &#8220;la&#8221; bonne proposition pour tous ceux qui s&#8217;efforcent de &hellip; <\/p>\n<p class=\"link-more\"><a href=\"https:\/\/duolifemarseille.best\/index.php\/shape-code-silhouette-perte-de-poids\/\" class=\"more-link\">Continue reading<span class=\"screen-reader-text\"> &#8220;Shape code :                                                                                                               &#8220;silhouette &#038; perte de poids&#8221;&#8221;<\/span><\/a><\/p>\n","protected":false},"author":1,"featured_media":0,"parent":0,"menu_order":0,"comment_status":"closed","ping_status":"closed","template":"","meta":[],"_links":{"self":[{"href":"https:\/\/duolifemarseille.best\/index.php\/wp-json\/wp\/v2\/pages\/759"}],"collection":[{"href":"https:\/\/duolifemarseille.best\/index.php\/wp-json\/wp\/v2\/pages"}],"about":[{"href":"https:\/\/duolifemarseille.best\/index.php\/wp-json\/wp\/v2\/types\/page"}],"author":[{"embeddable":true,"href":"https:\/\/duolifemarseille.best\/index.php\/wp-json\/wp\/v2\/users\/1"}],"replies":[{"embeddable":true,"href":"https:\/\/duolifemarseille.best\/index.php\/wp-json\/wp\/v2\/comments?post=759"}],"version-history":[{"count":3,"href":"https:\/\/duolifemarseille.best\/index.php\/wp-json\/wp\/v2\/pages\/759\/revisions"}],"predecessor-version":[{"id":796,"href":"https:\/\/duolifemarseille.best\/index.php\/wp-json\/wp\/v2\/pages\/759\/revisions\/796"}],"wp:attachment":[{"href":"https:\/\/duolifemarseille.best\/index.php\/wp-json\/wp\/v2\/media?parent=759"}],"curies":[{"name":"wp","href":"https:\/\/api.w.org\/{rel}","templated":true}]}}