{"id":523,"date":"2019-08-24T08:56:58","date_gmt":"2019-08-24T06:56:58","guid":{"rendered":"http:\/\/duolifemarseille.best\/?page_id=523"},"modified":"2023-03-07T15:44:30","modified_gmt":"2023-03-07T14:44:30","slug":"boutique","status":"publish","type":"page","link":"https:\/\/duolifemarseille.best\/index.php\/boutique\/","title":{"rendered":"Boutique"},"content":{"rendered":"\n<p><strong>Ceci n&#8217;est pas le site officiel de DuoLife.                                                                                                                                   DuoLife n&#8217;est pas responsable du contenu publi\u00e9 sur ce site.<\/strong><\/p>\n\n\n\n<p>Bienvenu dans la page &#8220;commandes&#8221; de vos produits DuoLife Marseille.<\/p>\n\n\n\n<p class=\"has-vivid-cyan-blue-color has-text-color\">Vous allez \u00eatre redirig\u00e9 vers la boutique en cliquant sur le lien suivant : <strong><a href=\"http:\/\/duolifemarseille.myduolife.com\/shop.html\" target=\"_blank\" rel=\"noreferrer noopener\" aria-label=\"BOUTIQUE (s\u2019ouvre dans un nouvel onglet)\">BOUTIQUE<\/a><\/strong>  merci de lire les instructions ci-dessous avant toute commande :<\/p>\n\n\n\n<ol><li>choisir la langue &#8220;<strong>fran\u00e7aise<\/strong>&#8221; en haut \u00e0 droite du site<\/li><li>choisir la monnaie Euro en s\u00e9lectionnant &#8220;<strong><a href=\"https:\/\/myduolife.com\/zone\/11\/set.html\">ES-FR-GC-GP-MC-MQ-RE (EUR)<\/a><\/strong>&#8221; en haut \u00e0 droite du site <\/li><li><strong>IMPORTANT<\/strong> : apr\u00e8s avoir cliqu\u00e9 sur &#8220;commande&#8221;, allez en bas de page sur &#8220;<strong>continuer sans enregistrement<\/strong>&#8221; .<\/li><\/ol>\n\n\n\n<p>Si vous le souhaitez vous pouvez \u00e9galement commander par t\u00e9l\u00e9phone :                                           00 33 (0)6 66 88 02 62<\/p>\n","protected":false},"excerpt":{"rendered":"<p>Ceci n&#8217;est pas le site officiel de DuoLife. DuoLife n&#8217;est pas responsable du contenu publi\u00e9 sur ce site. Bienvenu dans la page &#8220;commandes&#8221; de vos produits DuoLife Marseille. Vous allez \u00eatre redirig\u00e9 vers la boutique en cliquant sur le lien suivant : BOUTIQUE merci de lire les instructions ci-dessous avant toute commande : choisir la &hellip; <\/p>\n<p class=\"link-more\"><a href=\"https:\/\/duolifemarseille.best\/index.php\/boutique\/\" class=\"more-link\">Continue reading<span class=\"screen-reader-text\"> &#8220;Boutique&#8221;<\/span><\/a><\/p>\n","protected":false},"author":1,"featured_media":0,"parent":0,"menu_order":0,"comment_status":"closed","ping_status":"closed","template":"","meta":[],"_links":{"self":[{"href":"https:\/\/duolifemarseille.best\/index.php\/wp-json\/wp\/v2\/pages\/523"}],"collection":[{"href":"https:\/\/duolifemarseille.best\/index.php\/wp-json\/wp\/v2\/pages"}],"about":[{"href":"https:\/\/duolifemarseille.best\/index.php\/wp-json\/wp\/v2\/types\/page"}],"author":[{"embeddable":true,"href":"https:\/\/duolifemarseille.best\/index.php\/wp-json\/wp\/v2\/users\/1"}],"replies":[{"embeddable":true,"href":"https:\/\/duolifemarseille.best\/index.php\/wp-json\/wp\/v2\/comments?post=523"}],"version-history":[{"count":12,"href":"https:\/\/duolifemarseille.best\/index.php\/wp-json\/wp\/v2\/pages\/523\/revisions"}],"predecessor-version":[{"id":812,"href":"https:\/\/duolifemarseille.best\/index.php\/wp-json\/wp\/v2\/pages\/523\/revisions\/812"}],"wp:attachment":[{"href":"https:\/\/duolifemarseille.best\/index.php\/wp-json\/wp\/v2\/media?parent=523"}],"curies":[{"name":"wp","href":"https:\/\/api.w.org\/{rel}","templated":true}]}}