{"id":107,"date":"2019-05-27T10:40:13","date_gmt":"2019-05-27T08:40:13","guid":{"rendered":"http:\/\/duolifemarseille.best\/?page_id=107"},"modified":"2022-01-25T10:32:03","modified_gmt":"2022-01-25T09:32:03","slug":"recrutement","status":"publish","type":"page","link":"https:\/\/duolifemarseille.best\/index.php\/recrutement\/","title":{"rendered":"Recrutement"},"content":{"rendered":"\n<p><strong>Ceci n&#8217;est pas le site officiel de DuoLife.                                                                                                                                   DuoLife n&#8217;est pas responsable du contenu publi\u00e9 sur ce site.<\/strong><\/p>\n\n\n<p>\n<!--StartFragment--><\/p>\n\n\n<p>Je vous propose de rejoindre notre toute nouvelle \u00e9quipe qui se donne\ncomme challenge <strong>d\u2019ouvrir la France aux\nproduits DuoLife.<\/strong><\/p>\n\n\n\n<p>Voici l\u2019autre c\u00f4t\u00e9 magique de\nDuoLife, <strong>une alternative \u00e0 vos soucis financiers<\/strong>,\nune autre fen\u00eatre vers une activit\u00e9 professionnelle ind\u00e9pendante mais soutenue\npar <strong>tout un r\u00e9seau partageant les m\u00eames\nobjectifs\u2026<\/strong><\/p>\n\n\n\n<p><strong>Le march\u00e9 Fran\u00e7ais vient de s\u2019ouvrir et tout est \u00e0 faire<\/strong>, il s\u2019agit <strong>d\u2019une opportunit\u00e9 ph\u00e9nom\u00e9nale<\/strong> dans laquelle les premiers initieront\ntoutes les lign\u00e9es de distributeurs qui vont s\u2019ouvrir en France.<\/p>\n\n\n\n<p>DuoLife a \u00e9t\u00e9 cr\u00e9\u00e9 selon des\n<strong>valeurs humanistes<\/strong>, en positionnant ses\nmembres au premier plan. Il s\u2019agit de cr\u00e9er avant tout une communaut\u00e9 de personnes\nsensibilis\u00e9es aux bienfaits des produits DuoLife et convaincus de la n\u00e9cessit\u00e9\nd\u2019une alimentation saine privil\u00e9giant la sant\u00e9 et le bien-\u00eatre.<\/p>\n\n\n\n<p><a href=\"http:\/\/duolifemarseille.best\/index.php\/soft-marketing\/\">Comment fonctionne le plan marketing&nbsp;?<\/a><\/p>\n\n\n<p><!--EndFragment--><\/p>\n\n\n<p><\/p>\n","protected":false},"excerpt":{"rendered":"<p>Ceci n&#8217;est pas le site officiel de DuoLife. DuoLife n&#8217;est pas responsable du contenu publi\u00e9 sur ce site. Je vous propose de rejoindre notre toute nouvelle \u00e9quipe qui se donne comme challenge d\u2019ouvrir la France aux produits DuoLife. Voici l\u2019autre c\u00f4t\u00e9 magique de DuoLife, une alternative \u00e0 vos soucis financiers, une autre fen\u00eatre vers une &hellip; <\/p>\n<p class=\"link-more\"><a href=\"https:\/\/duolifemarseille.best\/index.php\/recrutement\/\" class=\"more-link\">Continue reading<span class=\"screen-reader-text\"> &#8220;Recrutement&#8221;<\/span><\/a><\/p>\n","protected":false},"author":1,"featured_media":0,"parent":0,"menu_order":0,"comment_status":"closed","ping_status":"closed","template":"","meta":[],"_links":{"self":[{"href":"https:\/\/duolifemarseille.best\/index.php\/wp-json\/wp\/v2\/pages\/107"}],"collection":[{"href":"https:\/\/duolifemarseille.best\/index.php\/wp-json\/wp\/v2\/pages"}],"about":[{"href":"https:\/\/duolifemarseille.best\/index.php\/wp-json\/wp\/v2\/types\/page"}],"author":[{"embeddable":true,"href":"https:\/\/duolifemarseille.best\/index.php\/wp-json\/wp\/v2\/users\/1"}],"replies":[{"embeddable":true,"href":"https:\/\/duolifemarseille.best\/index.php\/wp-json\/wp\/v2\/comments?post=107"}],"version-history":[{"count":10,"href":"https:\/\/duolifemarseille.best\/index.php\/wp-json\/wp\/v2\/pages\/107\/revisions"}],"predecessor-version":[{"id":792,"href":"https:\/\/duolifemarseille.best\/index.php\/wp-json\/wp\/v2\/pages\/107\/revisions\/792"}],"wp:attachment":[{"href":"https:\/\/duolifemarseille.best\/index.php\/wp-json\/wp\/v2\/media?parent=107"}],"curies":[{"name":"wp","href":"https:\/\/api.w.org\/{rel}","templated":true}]}}